f 4 - (-2 + (0 - i)).
2, 3
Let g = 300 + -69. What are the prime factors of g?
3, 7, 11
Let l = 13 + -13. Suppose -16 = -v - l. List the prime factors of v.
2
Suppose 4*s - 10 = -s. Suppose f - 4 = s*f. Let j(h) = -2*h + 4. What are the prime factors of j(f)?
2, 3
Suppose 0 = -5*o - 5*m + 100, 3*o = -2*m + 42 + 16. Let s = o + 0. List the prime factors of s.
2, 3
Let p(f) = 0 + 1 + f - 2. Let r be p(3). List the prime factors of (-7)/((-1)/r*2).
7
Suppose 0 = 2*i + 2*h + h - 98, 4*h + 38 = i. List the prime factors of i.
2, 23
Let u(j) = -8*j**2 - j + 94. What are the prime factors of u(0)?
2, 47
Let g(s) = -s**2 + 8. List the prime factors of g(0).
2
Suppose -2*h + 2 = 4*o, 0*o = -5*h - o + 23. Suppose 0*c = h*c. Suppose 24 = -c*m + 4*m. List the prime factors of m.
2, 3
Let h = -5 - -11. What are the prime factors of h?
2, 3
Let t(u) = 6*u + 1. Let s be t(2). Suppose 4*a + s = 5. What are the prime factors of 3/(-6)*3*a?
3
Let g(v) = -30*v**3 + v. Let s be g(-1). Let a = 41 - s. What are the prime factors of a?
2, 3
Suppose -h = 4*r - r + 2, 4*h = 4. Let b be ((-12)/5)/(r/5). Suppose g + 3*j = 5*g - 28, -5*j = 2*g + b. List the prime factors of g.
2
Let z(u) = -u**3 + 2*u**2 + 2*u + 4. Let y be z(3). Let a be y*(1 - 32 - 0). Let m = 50 + a. List the prime factors of m.
19
Let x(b) be the first derivative of b**3/3 - 7*b**2/2 - 9*b - 2. Let d be x(8). Let p(w) = -14*w + 1. What are the prime factors of p(d)?
3, 5
Suppose -2*d = -5*d + 27. List the prime factors of d.
3
Suppose 0 = -2*s + 24 - 2. List the prime factors of s.
11
Let b = 5 - 0. Suppose 22 = 3*f - b. List the prime factors of f.
3
Let c = -48 - -88. List the prime factors of c.
2, 5
Suppose 3*m = -2 + 11. List the prime factors of (-10)/(-1) + 0 + m.
13
Let f(w) = -w - 3. Let x be f(-8). Let s(o) = -o**3 - 3*o**2 + o + 2. Let c be s(-3). Let b = c + x. What are the prime factors of b?
2
Suppose 0*u - u = -25. Suppose -3*r - 10 = -4*d + u, -4*d - r = -31. What are the prime factors of d?
2
Let j(s) = -s**3 - 4*s**2 - 6*s - 1. Let o be j(-4). Let z = 37 - o. What are the prime factors of z?
2, 7
Let a(i) be the third derivative of -i**5/60 - 3*i**4/8 - 2*i**3/3 + 4*i**2. Let j be ((-7)/3)/((-1)/(-3)). List the prime factors of a(j).
2, 5
Suppose 216 = 9*h - 387. List the prime factors of h.
67
Let k(l) = -2*l + 14. Let r be k(8). Let s = 0 + 0. List the prime factors of s + 2 - 16/r.
2, 5
Suppose -8 = 4*b - 3*v, 3*b = 2*b - 2*v + 9. Let s(j) = 6*j - 1. Let k be s(b). Suppose 10 = i + p, 4*i + k*p + 20 = 6*i. What are the prime factors of i?
2, 5
Let r(x) = -13*x - 2. Let i be r(-9). Suppose -i = -4*g + 5. Suppose g = 9*y - 4*y. What are the prime factors of y?
2, 3
Let o = 411 + -186. List the prime factors of o.
3, 5
Suppose -4*u - 77 = 51. Suppose 3*h + 33 = -27. Let r = h - u. What are the prime factors of r?
2, 3
Let l = -2 - 1. Let x = l + 23. Suppose 0 = -k - 3*k + x. List the prime factors of k.
5
Suppose -8 = -0*k + 2*k. Let x = 4 + k. List the prime factors of 1 - -2 - (x + 0).
3
Let m = 32 + -12. Suppose -3*f - m = 2*f, f = -4*s - 52. Let v = 23 + s. What are the prime factors of v?
11
Let n be 3*(2 + -1) - 0. What are the prime factors of (-188)/(-12) - n/(-9)?
2
Suppose 24 = a + 66. Let f = 62 + a. List the prime factors of f.
2, 5
Let i(k) = 17*k**3 - k**2. Let y(j) = -3*j + 1. Let o be y(-1). Suppose -v = o*v - 5. List the prime factors of i(v).
2
Suppose 2*k = -x + 63, 0*k - x = -4*k + 129. List the prime factors of k.
2
Let q be 9/(-36) + (-54)/8. Let y = q - -24. List the prime factors of y.
17
Let v(r) = r**3 - 2*r**2 - 2*r - 1. Let g be v(3). Suppose g*t = 3*b + 1, -5*b + 9 = -0*t + 2*t. What are the prime factors of (-2)/b - (-24)/2?
2, 5
Let f = 10 - 6. Suppose 2*i = -3*l - 12, -3*i + i + 3*l = -12. Suppose 4*k + f*v = -v + 32, i = 5*k + 4*v - 49. List the prime factors of k.
13
Suppose t - 155 = -4*s - s, 3*s = t - 155. What are the prime factors of t?
5, 31
What are the prime factors of 54/(-12)*(1 - 3)?
3
Suppose 0 = 3*n - 4*l + 23, 2*l - 7*l + 35 = -5*n. Let o = -21 - -14. Let c = n - o. List the prime factors of c.
2
Suppose -4*k + 7*k + 6 = 0, 126 = 4*y - 5*k. List the prime factors of y.
29
Suppose 4*f = 3*h + 2*f - 133, -2*f = -8. List the prime factors of h.
47
Let y(x) = x**2 - 8*x - 13. Let o be y(9). Let c(d) = -d**2 - 5*d + 3. List the prime factors of c(o).
7
Let o(g) = g**3 - g**2 - 4*g - 1. Let f be o(3). Let q = f + -1. What are the prime factors of q?
2
Let c(w) = 3*w - 10. Let r(u) be the second derivative of -u**3/3 + 5*u**2 - u. Let o(s) = 3*c(s) + 4*r(s). List the prime factors of o(0).
2, 5
Let y be 2/7 - 69/21. Let w be (5 - 7) + (-64)/(-2). What are the prime factors of (w/8)/(y/(-8))?
2, 5
Let v(t) = t - 5. Let g(y) = 2. Let l(j) = -7*g(j) - 3*v(j). Let s be (-9)/6*(1 + 1). List the prime factors of l(s).
2, 5
Let b = 1 + 20. List the prime factors of b.
3, 7
Let f = 9 - -104. Suppose 2 = -o, -o = 5*r - 0*o - f. Suppose 0 = 3*u - r - 7. List the prime factors of u.
2, 5
Let m(a) = -28*a + 14. What are the prime factors of m(-4)?
2, 3, 7
Let a = -16 + 19. Suppose 5*f - 110 = -a*h, 3*h - 3*f - 36 = 90. List the prime factors of h.
2, 5
List the prime factors of ((-12)/15)/(6/(-255)).
2, 17
Let w = -2 + -4. List the prime factors of 16/w*9/(-3).
2
Let p(k) = -k**3 - k**2 - 1. Let h(z) = 7*z**3 + 12*z**2 + 6*z + 8. Let r(w) = -h(w) - 6*p(w). What are the prime factors of r(-5)?
3
Let q = 301 + -179. List the prime factors of q.
2, 61
Let b = -50 - -75. Suppose 74 = 5*j + 3*g - 57, j + g - b = 0. List the prime factors of j.
2, 7
Let p be -4 + 5 + 5/1. What are the prime factors of (4/3)/(p/81)?
2, 3
Let l(q) = -q**3 - q**2 + q - 2. Let j be l(0). Let x(a) = 3*a**2 - 5*a - 5. What are the prime factors of x(j)?
17
Let q = 60 + 127. List the prime factors of q.
11, 17
Let a be ((-2)/(-3))/(3/252). List the prime factors of a/2 - (4 - 7).
31
Suppose -b = -2*y - 6*b + 26, b - 18 = -2*y. Let t = 14 - y. Suppose q = x - t, -2*q = -4*q - 2. What are the prime factors of x?
5
Let t = -8 + 8. What are the prime factors of (1 + t)*(19 - 2)?
17
Let h = 331 - 144. What are the prime factors of h?
11, 17
Let g be (-2)/1 + 1 + -1. Let v be (-1)/(-3) + 20/3. Let h = v + g. List the prime factors of h.
5
Let j = 92 - 48. List the prime factors of j.
2, 11
Let w be -12*((-20)/8)/1. Let k = w - 2. What are the prime factors of k?
2, 7
Let y = -16 + 18. What are the prime factors of y?
2
Let b be (-99)/(-21) - 2/(-7). Let p = b - 12. Let s(v) = v**2 + 6*v - 2. List the prime factors of s(p).
5
Suppose -j - 1385 = -5*j - 5*t, 2*t = 2*j - 688. What are the prime factors of j?
3, 5, 23
Let r(w) = w**2 - 2*w + 1. Let s be r(1). Suppose s*f - f + 17 = 0. List the prime factors of f.
17
Let i(a) = -a**2 - 5*a - 2. Let g be i(-5). Let c = 8 + g. What are the prime factors of c?
2, 3
Suppose 0 = 2*z, 0 = -4*b + 2*z + 337 + 407. What are the prime factors of b?
2, 3, 31
Suppose 149 = 4*j - 555. Suppose 5*m + 2*d = 233, -3*m + d + j = m. What are the prime factors of m?
3, 5
Suppose -5*t + 20 = -3*a - 0*a, -a - 20 = -5*t. Suppose 0 = -3*s - a*s + 21. Suppose 5*k = 13 + s. What are the prime factors of k?
2
Let g = -20 + 10. Let v = 36 + g. List the prime factors of v.
2, 13
Let j = -1 + -13. What are the prime factors of 4 - j - (0 - 1)?
19
Suppose 3*v - p + 26 = 0, 59 = -4*v - 3*p + 7. Let f(k) = -k - 2. What are the prime factors of f(v)?
2
Suppose 4*o - 2*g = 12, 4*g - g = 3*o - 6. Suppose 4*w - 4*z = 56, 0*w = w + o*z - 4. List the prime factors of w.
2, 3
Suppose 0 = -5*s - 0*l - 3*l + 662, l = -1. What are the prime factors of s?
7, 19
Suppose -m + 11 = 2. List the prime factors of m.
3
Let f = 15 + 101. Suppose 93 = 2*u + 4*n + 29, 5*u - n - f = 0. Suppose -3*k = 3*d, -k - 2*k - u = -3*d. What are the prime factors of d?
2
Let n = -2 + 0. Suppose 3*m = -y + 3*y + 19, 0 = -4*y + 4*m - 28. What are the prime factors of (-1)/y - 11/n?
2, 3
Let w = 1 - -17. Let t = 3 + w. Suppose -t = -2*l - l. List the prime factors of l.
7
Suppose -84 + 34 = -5*o. Suppose 5*t - o = 0, 3*w = -0*w - 3*t + 96. List the prime factors of w.
2, 3, 5
Let h be (-2)/(2/(-3)) - -19. Suppose -z - 1 + 3 = -5*g, 0 = -z + g + h. List the prime factors of z.
3
Suppose -1126 = -5*x - 211. L